{"id":2,"date":"2018-06-22T09:08:08","date_gmt":"2018-06-22T09:08:08","guid":{"rendered":"https:\/\/frauenstudienzirkel.net\/?page_id=2"},"modified":"2022-06-26T09:35:22","modified_gmt":"2022-06-26T09:35:22","slug":"sample-page","status":"publish","type":"page","link":"https:\/\/frauenstudienzirkel.net\/","title":{"rendered":"Startseite"},"content":{"rendered":"<header class=\"entry-header\">\n<h1 class=\"entry-title\"><\/h1>\n<\/header>\n<div class=\"entry-content\">\n<h1><span style=\"color: #000000;\"><strong><em>\u201eJede Frau sollte mindestens ein Jahr lang Frauengeschichte studieren, egal, was sie sonst macht. Jede Frau \u00e4ndert sich, wenn sie erkennt, dass sie eine Geschichte hat.\u201c<\/em><\/strong><\/span><\/h1>\n<p><span style=\"color: #000000;\"><strong>Gerda Lerner<\/strong>, Exil-\u00d6sterreicherin, Historikerin, Begr\u00fcnderin der Women History-Studies in den USA 1961 und Tr\u00e4gerin des Bruno-Kreisky-Preis 2006 f\u00fcr ihr Lebenswerk.<\/span><\/p>\n<figure id=\"attachment_101\" aria-describedby=\"caption-attachment-101\" style=\"width: 801px\" class=\"wp-caption alignnone\"><img loading=\"lazy\" decoding=\"async\" class=\"size-full wp-image-101\" src=\"https:\/\/frauenstudienzirkel.net\/wp-content\/uploads\/2018\/06\/Bildschirmfoto-2018-06-22-um-11.26.27.png\" alt=\"\" width=\"801\" height=\"535\" srcset=\"https:\/\/frauenstudienzirkel.net\/wp-content\/uploads\/2018\/06\/Bildschirmfoto-2018-06-22-um-11.26.27.png 801w, https:\/\/frauenstudienzirkel.net\/wp-content\/uploads\/2018\/06\/Bildschirmfoto-2018-06-22-um-11.26.27-300x200.png 300w, https:\/\/frauenstudienzirkel.net\/wp-content\/uploads\/2018\/06\/Bildschirmfoto-2018-06-22-um-11.26.27-768x513.png 768w\" sizes=\"(max-width: 801px) 100vw, 801px\" \/><figcaption id=\"caption-attachment-101\" class=\"wp-caption-text\"><span style=\"color: #000000;\">Ginny\/Wikimedia Commons<\/span><\/figcaption><\/figure>\n<h1><span style=\"color: #000000;\">Was<\/span><\/h1>\n<p><span style=\"color: #000000;\">Ganz im Sinne des obigen Zitates wollen wir uns aktiv mit Geschichte abseits von patriarchalen Sichtweisen besch\u00e4ftigen. Dies beinhaltet drei Komponenten:<\/span><\/p>\n<p><span style=\"color: #000000;\">1. Die Auseinandersetzung mit der Art und Weise wie Geschichte erz\u00e4hlt, reproduziert und letztlich zu allgemeing\u00fcltiger Wahrheit wird. Der Fokus liegt hierbei auf der Analyse der herrschaftsstabilisierenden Funktion von Geschichte.<\/span><\/p>\n<p><span style=\"color: #000000;\">2. Das Sichtbarmachen von marginalisierten jedoch bedeutenden Frauen einerseits und dem t\u00e4glichen Frauenleben im jeweiligen historischen Kontext andererseits.<\/span><\/p>\n<p><span style=\"color: #000000;\">3. Die Erfahrungen und Ableitungen bisheriger FrauenGeschichte f\u00fcr unsere aktuelle politische Handlungsf\u00e4higkeit nutzbar machen.<\/span><\/p>\n<h1><span style=\"color: #000000;\">Wie<\/span><\/h1>\n<p><span style=\"color: #000000;\">Der Frauenstudienzirkel soll nach schwedischem Vorbild funktionieren. Dort wurden vor allem in Gewerkschaftskreisen Lese- und Studierrunden initiiert, um eine m\u00f6glichst breite Selbsterm\u00e4chtigung mittels Fortbildung zu gew\u00e4hrleisten. Insofern versteht sich der Frauenstudienzirkel als antihierarchisches Instrument zur inhaltlichen Weiterbildung und vor allem als offene Plattform f\u00fcr Diskussionen. Mittels Filmen, Texten oder eventuell auch DiskussionspartnerInnen sollen Themengebiete erarbeitet werden. Wichtig hierbei ist das Bekenntnis zu einer \u201erollenden\u201c Planung. Das bedeutet, dass sich die diskutierten Inhalte vor allem an den Interessen der TeilnehmerInnen und neu entstehenden Fragestellungen orientieren.<\/span><\/p>\n<h1><span style=\"color: #000000;\">Wer<\/span><\/h1>\n<p><span style=\"color: #000000;\">Der Frauenstudienzirkel richtet sich an alle Frauen des sozialdemokratischen Spektrums und alle anderen interessierten Frauen, die sich kritisch mit (ihrer eigenen) Geschichte besch\u00e4ftigen wollen.\u00a0 Auf Grund des unterschiedlichen beruflichen Backgrounds und verschiedener Altersstufen erwarten wir einen fruchtbaren und spannenden Erfahrungsaustausch.<\/span><\/p>\n<h1><span style=\"color: #000000;\">Wann<\/span><\/h1>\n<p><span style=\"color: #000000;\">Das StartUp-Treffen findet am Donnerstag, den 4. Oktober 2007, im ega in der Windm\u00fchlgasse 26 (1060 Wien) statt. Dort sollen die weiteren Termine f\u00fcr die zweiw\u00f6chentlichen Treffen fixiert, die Interessensfelder abgeglichen und die konkrete Arbeitsweise besprochen werden.<\/span><\/p>\n<h1><span style=\"color: #000000;\">Kontakt<\/span><\/h1>\n<p><span style=\"color: #000000;\">Wenn du noch weiter Infos brauchst oder am Frauenstudienzirkel teilnehmen m\u00f6chtest, schreib einfach ein Mail an hildegard.steger-mauerhofer(at)chello.at!<\/span><\/p>\n<\/div>\n","protected":false},"excerpt":{"rendered":"<p>\u201eJede Frau sollte mindestens ein Jahr lang Frauengeschichte studieren, egal, was sie sonst macht. Jede Frau \u00e4ndert sich, wenn sie erkennt, dass sie eine Geschichte hat.\u201c Gerda Lerner, Exil-\u00d6sterreicherin, Historikerin, Begr\u00fcnderin der Women History-Studies in den USA 1961 und Tr\u00e4gerin<\/p>\n","protected":false},"author":1,"featured_media":0,"parent":0,"menu_order":0,"comment_status":"closed","ping_status":"closed","template":"","meta":{"footnotes":""},"class_list":["post-2","page","type-page","status-publish","hentry"],"jetpack_sharing_enabled":true,"_links":{"self":[{"href":"https:\/\/frauenstudienzirkel.net\/index.php?rest_route=\/wp\/v2\/pages\/2"}],"collection":[{"href":"https:\/\/frauenstudienzirkel.net\/index.php?rest_route=\/wp\/v2\/pages"}],"about":[{"href":"https:\/\/frauenstudienzirkel.net\/index.php?rest_route=\/wp\/v2\/types\/page"}],"author":[{"embeddable":true,"href":"https:\/\/frauenstudienzirkel.net\/index.php?rest_route=\/wp\/v2\/users\/1"}],"replies":[{"embeddable":true,"href":"https:\/\/frauenstudienzirkel.net\/index.php?rest_route=%2Fwp%2Fv2%2Fcomments&post=2"}],"version-history":[{"count":9,"href":"https:\/\/frauenstudienzirkel.net\/index.php?rest_route=\/wp\/v2\/pages\/2\/revisions"}],"predecessor-version":[{"id":365,"href":"https:\/\/frauenstudienzirkel.net\/index.php?rest_route=\/wp\/v2\/pages\/2\/revisions\/365"}],"wp:attachment":[{"href":"https:\/\/frauenstudienzirkel.net\/index.php?rest_route=%2Fwp%2Fv2%2Fmedia&parent=2"}],"curies":[{"name":"wp","href":"https:\/\/api.w.org\/{rel}","templated":true}]}}